base 4, what is -10210 - 121222120?
-121232330
In base 3, what is 110 - -12201212101012022?
12201212101012202
In base 8, what is 4276 - 270?
4006
In base 15, what is 8d + -344d?
-33b0
In base 8, what is 261 + 51121?
51402
In base 11, what is 0 + -150904709?
-150904709
In base 15, what is -2 + -2600a1c?
-2600a1e
In base 7, what is -105430404 - 2?
-105430406
In base 10, what is 0 + -3737208?
-3737208
In base 12, what is -13668 + 93?
-13595
In base 11, what is 11 - -a9a3a?
a9a50
In base 3, what is 11 - -1202220010110220?
1202220010111001
In base 11, what is -1399 + 4a143?
48855
In base 8, what is 15 + 35301300?
35301315
In base 16, what is -5 + -1a3373?
-1a3378
In base 3, what is 110210121100122 + 12?
110210121100211
In base 5, what is 2123434 - -124334?
2303323
In base 15, what is 80e76 + -11e?
80d57
In base 4, what is 2 + 13201212010222?
13201212010230
In base 16, what is 0 - 2906ccd?
-2906ccd
In base 3, what is -12 + -100102201020211?
-100102201021000
In base 14, what is a - 461235?
-461229
In base 9, what is 426528 + -13?
426515
In base 3, what is -221112 - 10100012?
-11021201
In base 3, what is 2020012200112101 - -11?
2020012200112112
In base 8, what is -55357131 - 2?
-55357133
In base 3, what is -10010002021 - 121012?
-10010200110
In base 3, what is -11 - 22111121212000?
-22111121212011
In base 9, what is -3361 - 64?
-3435
In base 9, what is -52 + 25422?
25360
In base 15, what is -12 + 5ec9?
5eb7
In base 14, what is 3 + -53197c?
-531979
In base 9, what is 0 - -1186768?
1186768
In base 16, what is 64a8a3 - 3?
64a8a0
In base 2, what is 110001010110111011100 + -101?
110001010110111010111
In base 7, what is -5 - -1035534?
1035526
In base 9, what is 1 + -61871368?
-61871367
In base 14, what is -2c87d + -24b?
-2caca
In base 4, what is 213222031323 - -2?
213222031331
In base 14, what is -29 + -485886?
-4858b1
In base 9, what is 514741400 + 3?
514741403
In base 9, what is 13011 - -58220?
72231
In base 14, what is -1d + -108bc3?
-108c02
In base 6, what is 404 - 103523010?
-103522202
In base 5, what is 1 - -443223004?
443223010
In base 9, what is -161763 - -41?
-161722
In base 15, what is -429 - 2442d?
-24857
In base 14, what is -a8 - -27dc7?
27d1d
In base 7, what is -116 - -136613212?
136613063
In base 16, what is -1 - d91ae8?
-d91ae9
In base 16, what is -5f + 23551?
234f2
In base 14, what is 31d894c + 7?
31d8955
In base 13, what is 52702a0 - 2?
527029b
In base 4, what is 10333223 + 21122?
11021011
In base 9, what is 104315 + -6?
104308
In base 9, what is -223160 - 105?
-223265
In base 2, what is -1101110101111110 - -1001110010111?
-1100100111100111
In base 3, what is -10011222 + 1022022111?
1012010112
In base 8, what is 67476 - 4165?
63311
In base 8, what is 217666263 - -4?
217666267
In base 2, what is 0 - -1011101011101110100001011?
1011101011101110100001011
In base 8, what is -247670461 - -4?
-247670455
In base 12, what is -11079 - 13911?
-2498a
In base 14, what is 1 - 90a10c?
-90a10b
In base 5, what is 2123200 + -13001?
2110144
In base 14, what is acdb80d - 4?
acdb809
In base 15, what is -79e1c - c8?
-79ee5
In base 8, what is -22562 + 1040?
-21522
In base 3, what is 20001201000111 - 1101?
20001200222010
In base 11, what is 100 + -39aa13?
-39a913
In base 2, what is 1001111111100000000 + 10100?
1001111111100010100
In base 16, what is 15fd5aca + 0?
15fd5aca
In base 9, what is -566148316 + -3?
-566148320
In base 2, what is 0 + -111111011100111110000010?
-111111011100111110000010
In base 9, what is -6673 - -746?
-5826
In base 13, what is 2c88 + -ac?
2ba9
In base 8, what is -207152 + 116?
-207034
In base 2, what is -1 + 1010101000000100010110?
1010101000000100010101
In base 10, what is 2818330 + 5?
2818335
In base 5, what is -42 + 2040310?
2040213
In base 14, what is -4253ac - 5?
-4253b3
In base 12, what is -55 - 127a84a?
-127a8a3
In base 10, what is 3 + -13373238?
-13373235
In base 14, what is -12223 - 22c?
-12451
In base 9, what is 165082221 + 2?
165082223
In base 4, what is -10020230 - 1202312?
-11223202
In base 11, what is 52358 - 11?
52347
In base 11, what is 607098 + 3?
6070a0
In base 16, what is 5007a98 + -5?
5007a93
In base 4, what is -2322121222101 - -2?
-2322121222033
In base 5, what is 343320 + 21201?
420021
In base 2, what is -100000 + 10101011101111110101010?
10101011101111110001010
In base 3, what is -100 - 2122022112122?
-2122022112222
In base 15, what is 77c2a + ac?
77cd7
In base 12, what is -141402 + -a86?
-142288
In base 16, what is 25a + 104d?
12a7
In base 16, what is 4 + -b4324c?
-b43248
In base 15, what is 15c + -63?
e9
In base 10, what is -9 - 4637370?
-4637379
In base 12, what is a0 + -3363?
-3283
In base 9, what is -1 + -3652385?
-3652386
In base 7, what is 5200 + 35462?
43662
In base 10, what is -4 - -1242225?
1242221
In base 4, what is 0 - 11113212122?
-11113212122
In base 6, what is -3521023522 - -4?
-3521023514
In base 16, what is e - 86b887?
-86b879
In base 4, what is -11 - -3300220222?
3300220211
In base 3, what is -10020 - 21220201012?
-21220211102
In base 4, what is 1302103323321 + 2?
1302103323323
In base 12, what is 7197b9a + -4?
7197b96
In base 6, what is 141534 + 305233?
451211
In base 10, what is -812931 + -19?
-812950
In base 2, what is 1 - -110011001001111110010?
110011001001111110011
In base 6, what is 1015 + 1044013?
1045032
In base 9, what is -1 + -1537486?
-1537487
In base 8, what is 1 - 151155725?
-151155724
In base 7, what is 646336 + -65?
646241
In base 4, what is 3203212131 + -1010?
3203211121
In base 4, what is -10 + -100213213?
-100213223
In base 13, what is 616bb + 539?
61c27
In base 15, what is -3 - 1b99088?
-1b9908b
In base 10, what is 11586 - 1014?
10572
In base 12, what is -148 - -8535a?
85212
In base 2, what is -1011010101110001000 - 10100011?
-1011010110000101011
In base 11, what is 1512 - 2298?
-886
In base 10, what is -69599 - 4?
-69603
In base 3, what is -20000 + 111002111102?
111002021102
In base 10, what is -162 - -220898?
220736
In base 13, what is 27 - 627041?
-627017
In base 7, what is 1654 + -604643?
-602656
In base 6, what is -2022 - -121511?
115445
In base 9, what is -18710056 - -24?
-18710032
In base 7, what is 2554326 - -266?
2554625
In base 14, what is -37b363 + -11?
-37b374
In base 15, what is 445 + 126b?
16b1
In base 3, what is -1 + -10011120102000111?
-10011120102000112
In base 11, what is -31 + -228708?
-228739
In base 13, what is -4590b2 - -4?
-4590ab
In base 4, what is 1320200101 - 11003?
1320123032
In base 7, what is -140053535 + 2?
-140053533
In base 15, what is -72015 + 766?
-7179e
In base 3, what is 1212 + 112021100?
112100012
In base 13, what is -1 - 956cb8?
-956cb9
In base 5, what is -4 - -414341032?
414341023
In base 15, what is 111d0 - 27e?
10e51
In base 8, what is -24 + 30504334?
30504310
In base 11, what is -27 + 4865a76?
4865a4a
In base 3, what is -110012 + 101002020001?
101001202212
In base 10, what is -33 - 39792843?
-39792876
In base 9, what is 184444 - 2524?
181820
In base 6, what is -31042 - 110355?
-141441
In base 6, what is 132441 + 1133?
134014
In base 3, what is 122022110220011 + -1?
122022110220010
In base 5, what is -12 - -422314414?
422314402
In base 8, what is -731 + -2562223?
-2563154
In base 11, what is -1 + -3628378?
-3628379
In base 14, what is -306 - -17d7?
14d1
In base 2, what is -101 - 101100001001101010011110?
-101100001001101010100011
In base 10, what is -3 + 1981859?
1981856
In base 4, what is 1132112022221 + -13?
1132112022202
In base 4, what is -1103 + 1203233321?
1203232212
In base 11, what is 241297 + 5a?
241346
In base 3, what is -10221011 + 2102121111?
2021200100
In base 4, what is 10 + -20101201013321?
-20101201013311
In base 16, what is 9355 + 123?
9478
In base 3, what is 20211202100220 + 0?
20211202100220
In base 6, what is 31141430 - -152?
31142022
In base 16, what is a7 - 12e7f?
-12dd8
In base 12, what is -a40 - -90?
-970
In base 11, what is 107 - -42776?
42882
In base 10, what is 711020 + 2?
711022
In base 6, what is 243231 + -3414?
235413
In base 12, what is 1 - 14792305?
-14792304
In base 12, what is -2436a - 21?
-2438b
In base 10, what is 467662 - 15?
467647
In base 3, what is -210 - 1020000?
-1020210
In base 16, what is -92adb32 + 1?
-92adb31
In base 3, what is 1001122010011020 - 102?
1001122010010211
In base 6, what is -1